{"id":278,"date":"2019-08-02T11:48:18","date_gmt":"2019-08-02T09:48:18","guid":{"rendered":"http:\/\/aproca.org\/?page_id=278"},"modified":"2020-01-08T17:49:26","modified_gmt":"2020-01-08T17:49:26","slug":"missions-valeurs","status":"publish","type":"page","link":"https:\/\/aproca.org\/index.php\/missions-valeurs\/","title":{"rendered":"Missions valeurs"},"content":{"rendered":"\n<ul class=\"wp-block-list\"><li>Etre pr\u00e9sente, d\u00e9fendre les positions et porter les propositions des producteurs africains dans les instances r\u00e9gionales et internationales o\u00f9 la question du coton est discut\u00e9e, <\/li><li>Accompagner les plateformes dans leur repr\u00e9sentativit\u00e9 et le renforcement des capacit\u00e9s des responsables pour l\u2019exercice de repr\u00e9sentation et de d\u00e9fense des int\u00e9r\u00eats des producteurs, <\/li><li>Appuyer les plateformes \u00e0 influencer les r\u00e9formes des fili\u00e8res cotonni\u00e8res afin de prendre en compte l\u2019int\u00e9r\u00eat des producteurs de coton, <\/li><li>Suivre, capitaliser et diffuser les exp\u00e9riences et les informations pertinentes entre les membres, \u00e0 travers un syst\u00e8me fonctionnel de circulation de l\u2019information.<\/li><\/ul>\n","protected":false},"excerpt":{"rendered":"<p>Etre pr\u00e9sente, d\u00e9fendre les positions et porter les propositions des producteurs africains dans les instances r\u00e9gionales et internationales o\u00f9 la question du coton est discut\u00e9e, Accompagner les plateformes dans leur repr\u00e9sentativit\u00e9 et le renforcement des capacit\u00e9s des responsables pour l\u2019exercice de repr\u00e9sentation et de d\u00e9fense des int\u00e9r\u00eats des producteurs, Appuyer les plateformes \u00e0 influencer les [&hellip;]<\/p>\n","protected":false},"author":1,"featured_media":0,"parent":0,"menu_order":0,"comment_status":"closed","ping_status":"closed","template":"","meta":{"footnotes":""},"class_list":["post-278","page","type-page","status-publish","hentry"],"_links":{"self":[{"href":"https:\/\/aproca.org\/index.php\/wp-json\/wp\/v2\/pages\/278","targetHints":{"allow":["GET"]}}],"collection":[{"href":"https:\/\/aproca.org\/index.php\/wp-json\/wp\/v2\/pages"}],"about":[{"href":"https:\/\/aproca.org\/index.php\/wp-json\/wp\/v2\/types\/page"}],"author":[{"embeddable":true,"href":"https:\/\/aproca.org\/index.php\/wp-json\/wp\/v2\/users\/1"}],"replies":[{"embeddable":true,"href":"https:\/\/aproca.org\/index.php\/wp-json\/wp\/v2\/comments?post=278"}],"version-history":[{"count":3,"href":"https:\/\/aproca.org\/index.php\/wp-json\/wp\/v2\/pages\/278\/revisions"}],"predecessor-version":[{"id":753,"href":"https:\/\/aproca.org\/index.php\/wp-json\/wp\/v2\/pages\/278\/revisions\/753"}],"wp:attachment":[{"href":"https:\/\/aproca.org\/index.php\/wp-json\/wp\/v2\/media?parent=278"}],"curies":[{"name":"wp","href":"https:\/\/api.w.org\/{rel}","templated":true}]}}